{"id":104,"date":"2016-05-23T10:18:27","date_gmt":"2016-05-23T09:18:27","guid":{"rendered":"http:\/\/www.larmureriebarisienne.fr\/?page_id=104"},"modified":"2023-03-30T01:32:30","modified_gmt":"2023-03-30T00:32:30","slug":"accessoires","status":"publish","type":"page","link":"https:\/\/larmureriebarisienne.fr\/?page_id=104","title":{"rendered":"Accessoires"},"content":{"rendered":"<h3 style=\"text-align: center;\">L\u2019<a href=\"http:\/\/www.larmureriebarisienne.fr\/\">Armurerie Barisienne<\/a> vous propose un large choix d&rsquo;accessoires de qualit\u00e9 parmi de nombreuses marques.<\/h3>\n\n<h3>Gr\u00e2ce \u00e0 une multitude d\u2019articles ainsi qu\u2019aux conseils de v\u00e9ritables professionnels, vous trouverez \u00e0\u00a0l\u2019<a href=\"http:\/\/www.larmureriebarisienne.fr\/\">Armurerie Barisienne<\/a>, tout ce dont vous avez besoin pour satisfaire votre passion.<\/h3>\n<h3>Les professionnels de\u00a0l\u2019<a href=\"http:\/\/www.larmureriebarisienne.fr\/\">Armurerie Barisienne<\/a>\u00a0sont l\u00e0 pour vous guider et vous conseiller, en vous proposant un mat\u00e9riel de grande qualit\u00e9, afin de r\u00e9pondre le plus efficacement possible \u00e0 vos besoins.<\/h3>\n<h3>Dans notre magasin, vous trouverez l&rsquo;\u00e9quipement n\u00e9cessaire pour pratiquer votre passion.<\/h3>\n<ul>\n<li>\n<h3>Accessoires de battue<\/h3>\n<\/li>\n<li>\n<h3>Appeaux et formes plastiques<\/h3>\n<\/li>\n<li>\n<h3>Bagagerie chasse, sac de battue<\/h3>\n<\/li>\n<li>\n<h3>Peson chasse<\/h3>\n<\/li>\n<li>\n<h3>Protections auditives et visuelles : lunettes de protection, casque \u00e9lectronique<\/h3>\n<\/li>\n<li>\n<h3>Si\u00e8ges<\/h3>\n<\/li>\n<li>\n<h3>Am\u00e9nagement du territoire : goudron de norv\u00e8ge, goudron liquide, pi\u00e8ges<\/h3>\n<\/li>\n<li>\n<h3>Arc et arbal\u00e8te de chasse<\/h3>\n<\/li>\n<li>\n<h3>Couteaux et dagues de chasse<\/h3>\n<\/li>\n<\/ul>\n<pre style=\"text-align: center;\"><strong>L'Armurerie Barisienne - ZAC de la Grande Terre,\u00a0<\/strong><strong>3 Voie des Romains, 55000 Longeville-En-Barrois, Meuse, <\/strong><strong>France. T\u00e9l :\u00a0<\/strong><strong>03 29 70 37 03<\/strong><\/pre>\n","protected":false},"excerpt":{"rendered":"<p>L\u2019Armurerie Barisienne vous propose un large choix d&rsquo;accessoires de qualit\u00e9 parmi de nombreuses marques. Gr\u00e2ce \u00e0 une multitude d\u2019articles ainsi qu\u2019aux conseils de v\u00e9ritables professionnels, vous trouverez \u00e0\u00a0l\u2019Armurerie Barisienne, tout ce dont vous avez besoin<a class=\"read-more\" href=\"https:\/\/larmureriebarisienne.fr\/?page_id=104\">Lire la suite<\/a><\/p>\n","protected":false},"author":1,"featured_media":0,"parent":0,"menu_order":0,"comment_status":"closed","ping_status":"closed","template":"","meta":{"footnotes":""},"class_list":["post-104","page","type-page","status-publish","hentry"],"_links":{"self":[{"href":"https:\/\/larmureriebarisienne.fr\/index.php?rest_route=\/wp\/v2\/pages\/104","targetHints":{"allow":["GET"]}}],"collection":[{"href":"https:\/\/larmureriebarisienne.fr\/index.php?rest_route=\/wp\/v2\/pages"}],"about":[{"href":"https:\/\/larmureriebarisienne.fr\/index.php?rest_route=\/wp\/v2\/types\/page"}],"author":[{"embeddable":true,"href":"https:\/\/larmureriebarisienne.fr\/index.php?rest_route=\/wp\/v2\/users\/1"}],"replies":[{"embeddable":true,"href":"https:\/\/larmureriebarisienne.fr\/index.php?rest_route=%2Fwp%2Fv2%2Fcomments&post=104"}],"version-history":[{"count":18,"href":"https:\/\/larmureriebarisienne.fr\/index.php?rest_route=\/wp\/v2\/pages\/104\/revisions"}],"predecessor-version":[{"id":2860,"href":"https:\/\/larmureriebarisienne.fr\/index.php?rest_route=\/wp\/v2\/pages\/104\/revisions\/2860"}],"wp:attachment":[{"href":"https:\/\/larmureriebarisienne.fr\/index.php?rest_route=%2Fwp%2Fv2%2Fmedia&parent=104"}],"curies":[{"name":"wp","href":"https:\/\/api.w.org\/{rel}","templated":true}]}}