{"id":50,"date":"2016-05-21T08:18:05","date_gmt":"2016-05-21T07:18:05","guid":{"rendered":"http:\/\/www.larmureriebarisienne.fr\/?page_id=50"},"modified":"2023-03-30T01:29:16","modified_gmt":"2023-03-30T00:29:16","slug":"tunnel-de-tir","status":"publish","type":"page","link":"https:\/\/larmureriebarisienne.fr\/?page_id=50","title":{"rendered":"Tunnel de tir"},"content":{"rendered":"<h2 style=\"text-align: center;\"><strong>Unique sur le secteur, et pour mieux vous servir.<\/strong><\/h2>\n<h2 style=\"text-align: center;\"><strong>L&rsquo;<a href=\"http:\/\/www.larmureriebarisienne.fr\/\">Armurerie Barisienne<\/a> s&rsquo;est dot\u00e9e de son propre tunnel de tir sur place.<\/strong><\/h2>\n\n<h3 style=\"text-align: center;\"><span style=\"color: #000000;\"><strong>COURS BALISTIQUE<\/strong><\/span><\/h3>\n<h3 style=\"text-align: center;\">Les pas de tirs 10, 25, 35 et 50 m\u00e8tres permettent le r\u00e9glage imm\u00e9diat de vos armes aux distances souhait\u00e9es,<\/h3>\n<h3 style=\"text-align: center;\">avec nos Armuriers<\/h3>\n<h3 style=\"text-align: center;\">Lecture d&rsquo;une table de balistique<\/h3>\n<h3 style=\"text-align: center;\">Trajectoire de la balle<\/h3>\n<h3 style=\"text-align: center;\">R\u00e9glage de l&rsquo;arme<\/h3>\n<h3 style=\"text-align: center;\">R\u00e9glage\u00a0des optiques et des convergences (entre autres)<\/h3>\n<h3 style=\"text-align: center;\">(<strong><span style=\"color: #ff0000;\">id\u00e9alement sur RDV<\/span><\/strong>)<\/h3>\n<pre style=\"text-align: center;\"><strong>L'Armurerie Barisienne - ZAC de la Grande Terre,\u00a0<\/strong><strong>3 Voie des Romains, 55000 Longeville-En-Barrois, Meuse, <\/strong><strong>France. T\u00e9l :\u00a0<\/strong><strong>03 29 70 37 03<\/strong><\/pre>\n","protected":false},"excerpt":{"rendered":"<p>Unique sur le secteur, et pour mieux vous servir. L&rsquo;Armurerie Barisienne s&rsquo;est dot\u00e9e de son propre tunnel de tir sur place. COURS BALISTIQUE Les pas de tirs 10, 25, 35 et 50 m\u00e8tres permettent le<a class=\"read-more\" href=\"https:\/\/larmureriebarisienne.fr\/?page_id=50\">Lire la suite<\/a><\/p>\n","protected":false},"author":1,"featured_media":0,"parent":0,"menu_order":0,"comment_status":"closed","ping_status":"closed","template":"","meta":{"footnotes":""},"class_list":["post-50","page","type-page","status-publish","hentry"],"_links":{"self":[{"href":"https:\/\/larmureriebarisienne.fr\/index.php?rest_route=\/wp\/v2\/pages\/50","targetHints":{"allow":["GET"]}}],"collection":[{"href":"https:\/\/larmureriebarisienne.fr\/index.php?rest_route=\/wp\/v2\/pages"}],"about":[{"href":"https:\/\/larmureriebarisienne.fr\/index.php?rest_route=\/wp\/v2\/types\/page"}],"author":[{"embeddable":true,"href":"https:\/\/larmureriebarisienne.fr\/index.php?rest_route=\/wp\/v2\/users\/1"}],"replies":[{"embeddable":true,"href":"https:\/\/larmureriebarisienne.fr\/index.php?rest_route=%2Fwp%2Fv2%2Fcomments&post=50"}],"version-history":[{"count":31,"href":"https:\/\/larmureriebarisienne.fr\/index.php?rest_route=\/wp\/v2\/pages\/50\/revisions"}],"predecessor-version":[{"id":2853,"href":"https:\/\/larmureriebarisienne.fr\/index.php?rest_route=\/wp\/v2\/pages\/50\/revisions\/2853"}],"wp:attachment":[{"href":"https:\/\/larmureriebarisienne.fr\/index.php?rest_route=%2Fwp%2Fv2%2Fmedia&parent=50"}],"curies":[{"name":"wp","href":"https:\/\/api.w.org\/{rel}","templated":true}]}}